{"id":2505,"date":"2023-03-24T14:09:42","date_gmt":"2023-03-24T13:09:42","guid":{"rendered":"https:\/\/terapiassandalo.com\/?post_type=product&#038;p=2505"},"modified":"2023-03-24T14:10:49","modified_gmt":"2023-03-24T13:10:49","slug":"dia-de-la-madre-2023","status":"publish","type":"product","link":"https:\/\/terapiassandalo.com\/?product=dia-de-la-madre-2023","title":{"rendered":"D\u00eda de la Madre 2023"},"content":{"rendered":"<h1>Promoci\u00f3n especial d\u00eda de la madre<\/h1>\n<p>Regala un vale con caducidad de un a\u00f1o con masaje a elegir entre mil aromas, drenante o antiestr\u00e9s + kobido facial.<\/p>\n<p><img loading=\"lazy\" decoding=\"async\" class=\"alignnone wp-image-2363 size-large\" src=\"https:\/\/terapiassandalo.com\/wp-content\/uploads\/2022\/04\/Folleto-Hotel-Dia-de-la-Madre-Azul-Oscuro-Rosa-Brillante-Amarillo-Intenso-724x1024.png\" sizes=\"(max-width: 724px) 100vw, 724px\" srcset=\"https:\/\/terapiassandalo.com\/wp-content\/uploads\/2022\/04\/Folleto-Hotel-Dia-de-la-Madre-Azul-Oscuro-Rosa-Brillante-Amarillo-Intenso-724x1024.png 724w, https:\/\/terapiassandalo.com\/wp-content\/uploads\/2022\/04\/Folleto-Hotel-Dia-de-la-Madre-Azul-Oscuro-Rosa-Brillante-Amarillo-Intenso-212x300.png 212w, https:\/\/terapiassandalo.com\/wp-content\/uploads\/2022\/04\/Folleto-Hotel-Dia-de-la-Madre-Azul-Oscuro-Rosa-Brillante-Amarillo-Intenso-768x1086.png 768w, https:\/\/terapiassandalo.com\/wp-content\/uploads\/2022\/04\/Folleto-Hotel-Dia-de-la-Madre-Azul-Oscuro-Rosa-Brillante-Amarillo-Intenso-1086x1536.png 1086w, https:\/\/terapiassandalo.com\/wp-content\/uploads\/2022\/04\/Folleto-Hotel-Dia-de-la-Madre-Azul-Oscuro-Rosa-Brillante-Amarillo-Intenso-600x849.png 600w, https:\/\/terapiassandalo.com\/wp-content\/uploads\/2022\/04\/Folleto-Hotel-Dia-de-la-Madre-Azul-Oscuro-Rosa-Brillante-Amarillo-Intenso.png 1414w\" alt=\"\" width=\"724\" height=\"1024\" \/><\/p>\n","protected":false},"excerpt":{"rendered":"<p>Promoci\u00f3n especial d\u00eda de la madre Regala un vale con caducidad de un a\u00f1o con masaje a elegir entre mil aromas, drenante o antiestr\u00e9s + kobido facial.<\/p>\n","protected":false},"featured_media":2363,"template":"","meta":{"_joinchat":[]},"product_cat":[15],"product_tag":[],"giftcard-category":[],"class_list":{"0":"post-2505","1":"product","2":"type-product","3":"status-publish","4":"has-post-thumbnail","6":"product_cat-sin-categoria","7":"description-off","9":"first","10":"instock","11":"virtual","12":"purchasable","13":"product-type-gift-card"},"_links":{"self":[{"href":"https:\/\/terapiassandalo.com\/index.php?rest_route=\/wp\/v2\/product\/2505"}],"collection":[{"href":"https:\/\/terapiassandalo.com\/index.php?rest_route=\/wp\/v2\/product"}],"about":[{"href":"https:\/\/terapiassandalo.com\/index.php?rest_route=\/wp\/v2\/types\/product"}],"wp:featuredmedia":[{"embeddable":true,"href":"https:\/\/terapiassandalo.com\/index.php?rest_route=\/wp\/v2\/media\/2363"}],"wp:attachment":[{"href":"https:\/\/terapiassandalo.com\/index.php?rest_route=%2Fwp%2Fv2%2Fmedia&parent=2505"}],"wp:term":[{"taxonomy":"product_cat","embeddable":true,"href":"https:\/\/terapiassandalo.com\/index.php?rest_route=%2Fwp%2Fv2%2Fproduct_cat&post=2505"},{"taxonomy":"product_tag","embeddable":true,"href":"https:\/\/terapiassandalo.com\/index.php?rest_route=%2Fwp%2Fv2%2Fproduct_tag&post=2505"},{"taxonomy":"giftcard-category","embeddable":true,"href":"https:\/\/terapiassandalo.com\/index.php?rest_route=%2Fwp%2Fv2%2Fgiftcard-category&post=2505"}],"curies":[{"name":"wp","href":"https:\/\/api.w.org\/{rel}","templated":true}]}}