{"id":1985,"date":"2019-09-20T12:13:09","date_gmt":"2019-09-20T10:13:09","guid":{"rendered":"https:\/\/terapiassandalo.com\/?post_type=product&#038;p=1985"},"modified":"2019-09-23T19:47:04","modified_gmt":"2019-09-23T17:47:04","slug":"ritual-de-los-dioses","status":"publish","type":"product","link":"https:\/\/terapiassandalo.com\/?product=ritual-de-los-dioses","title":{"rendered":"Ritual de los Dioses"},"content":{"rendered":"","protected":false},"excerpt":{"rendered":"<p>Masaje mil aromas. M\u00edmate con la armon\u00eda de las esencias naturales, rel\u00e1jate y evade tu estr\u00e9s diario. Tratamiento facial aromas. Repara y devuelve la vitalidad a tu piel tras los da\u00f1os del verano mientras te envuelve nuestro masaje.<\/p>\n<p><em><strong><span style=\"font-size: 14pt;\">Duraci\u00f3n: 50 minutos<\/span><\/strong><\/em><\/p>\n","protected":false},"featured_media":1993,"template":"","meta":{"_joinchat":[]},"product_cat":[37],"product_tag":[],"giftcard-category":[],"class_list":{"0":"post-1985","1":"product","2":"type-product","3":"status-publish","4":"has-post-thumbnail","6":"product_cat-rituales","7":"description-off","9":"first","10":"instock","11":"shipping-taxable","12":"purchasable","13":"product-type-simple"},"_links":{"self":[{"href":"https:\/\/terapiassandalo.com\/index.php?rest_route=\/wp\/v2\/product\/1985"}],"collection":[{"href":"https:\/\/terapiassandalo.com\/index.php?rest_route=\/wp\/v2\/product"}],"about":[{"href":"https:\/\/terapiassandalo.com\/index.php?rest_route=\/wp\/v2\/types\/product"}],"wp:featuredmedia":[{"embeddable":true,"href":"https:\/\/terapiassandalo.com\/index.php?rest_route=\/wp\/v2\/media\/1993"}],"wp:attachment":[{"href":"https:\/\/terapiassandalo.com\/index.php?rest_route=%2Fwp%2Fv2%2Fmedia&parent=1985"}],"wp:term":[{"taxonomy":"product_cat","embeddable":true,"href":"https:\/\/terapiassandalo.com\/index.php?rest_route=%2Fwp%2Fv2%2Fproduct_cat&post=1985"},{"taxonomy":"product_tag","embeddable":true,"href":"https:\/\/terapiassandalo.com\/index.php?rest_route=%2Fwp%2Fv2%2Fproduct_tag&post=1985"},{"taxonomy":"giftcard-category","embeddable":true,"href":"https:\/\/terapiassandalo.com\/index.php?rest_route=%2Fwp%2Fv2%2Fgiftcard-category&post=1985"}],"curies":[{"name":"wp","href":"https:\/\/api.w.org\/{rel}","templated":true}]}}